of a and y.
8
Let i = 400 + -404. Let d be 69 + (7/(7/i) - -1). What is the greatest common factor of d and 352?
22
Let m(b) = 37*b**2 + b. Let u be m(1). Let r(i) = -15*i - 170. Let x be r(-11). Let p be (76/x)/((-22)/5 - -4). Calculate the greatest common factor of p and u.
38
Let w(i) = -170*i**3 + i**2 - 26*i - 61. Let q be w(-3). What is the greatest common factor of 8 and q?
8
Suppose -23*q + 5*l - 11 = -21*q, 3*l = 5*q - 20. Let m(n) = -22*n - 7. Let j be m(-6). Let z = j + -69. What is the highest common divisor of z and q?
7
Let r = 49 + -1. Let z(u) = 11*u - 59. Let o be z(20). Let d = -129 + o. Calculate the highest common factor of r and d.
16
Suppose -33*v + 1 = -2*p - 28*v, -5 = -2*p - v. Let m be ((-24)/(-20))/((-6)/(-100)). What is the highest common factor of p and m?
2
Let w = 25 + -29. Let f(p) = 2*p + 7. Let b be f(w). Let q be (-1)/b*(-75)/(-5). What is the greatest common factor of q and 6?
3
Let f be 16/12*13/((-39)/(-162)). Suppose -3*b + 246 + 507 = 4*s, -2*s - 5*b + 359 = 0. Calculate the highest common divisor of f and s.
24
Let y = -379 + 384. Suppose 0 = -5*j - 15, 2*m + y*j - 183 = 2*j. What is the highest common factor of m and 6?
6
Suppose 0 = -5*g - 8*h + 4*h + 28, 4*g - 47 = 5*h. Let v be (g*(4 - 11))/(-1). Calculate the highest common divisor of 448 and v.
56
Let y(o) = 2*o**2 + 130*o + 1199. Let c be y(-54). What is the greatest common factor of c and 3311?
11
Suppose 0 = 2*g - 28*x + 29*x - 11388, -5*g + 28498 = -x. What is the greatest common divisor of g and 370?
74
Let s(z) = 5*z**2 - 5*z - 3. Let k be s(-3). Let j = k + -54. Suppose j*w = t + 8*w, 0 = 2*t - 5*w - 30. What is the highest common divisor of t and 4?
2
Suppose -4*v + 8484 = 3*h - 9208, 17707 = 3*h + v. What is the highest common factor of 12 and h?
12
Suppose 0 = 458*n - 427*n - 248. Calculate the highest common factor of n and 42.
2
Suppose o = -3*j + 1701, -51 = -2*j + 3*o + 1083. Calculate the greatest common divisor of j and 1008.
63
Suppose -2 = -v - 1. Let s(y) = 232*y - 1. Let j be s(v). Let r be (0 + -2)*147/(-14). Calculate the highest common factor of r and j.
21
Let r = -1555 - -1746. What is the highest common divisor of 16 and r?
1
Let h(c) = c**2 - 12*c + 16. Let p(f) = 5*f**2 - 60*f + 81. Let t(s) = -11*h(s) + 2*p(s). Let m be t(10). What is the highest common divisor of 78 and m?
6
Let k = -4869 - -5532. What is the greatest common divisor of k and 273?
39
Suppose -r = -9 - 15. Suppose l - 4*u + 2 = -0, 3*l - 8 = 5*u. Let z be l/9 - (-368)/r. What is the greatest common divisor of z and 176?
16
Let o = 14029 + -13874. What is the greatest common factor of 3813 and o?
31
Let k(y) = 6717*y + 26904. Let x be k(-4). Let m be (7*3)/((-1)/(-6)). What is the greatest common factor of m and x?
18
Let o = -2832 + 2888. What is the highest common divisor of 256 and o?
8
Suppose -941*o + 1018*o - 13860 = 0. Calculate the greatest common factor of 1200 and o.
60
Let p(x) = -x**3 + 73*x**2 - 66*x + 132. Let s be p(72). What is the highest common factor of 6909 and s?
141
Let b(a) = -347*a - 22318. Let m be b(-67). Suppose 0*z = z - 49. What is the greatest common factor of m and z?
49
Suppose -10*v - 1060 = -14*v. Let u be 16/(-10)*v/(-53). What is the highest common divisor of 24 and u?
8
Let m = 7372 - 7221. Calculate the greatest common divisor of m and 1208.
151
Let j(n) = 1893*n - 13121. Let m be j(7). Suppose 0*y = 5*y - 325. What is the highest common factor of m and y?
65
Let h(i) = 3*i**2 + 9*i - 1. Let x be h(-4). Let p = 19 + x. Calculate the highest common divisor of p and 6.
6
Let a = -7857 - -9521. Calculate the highest common divisor of 1408 and a.
128
Let h = 14477 - 13841. Calculate the greatest common divisor of h and 60.
12
Let m = 66 - 75. Let y = m + 13. Suppose 4*h = -2*r, 0*r = 2*r - y*h - 32. Calculate the highest common factor of 88 and r.
8
Suppose -9*j - 68437 = 41039. Let g = j + 8108. Let a be 2/(-9) + 7/((-189)/g). What is the highest common divisor of a and 15?
15
Suppose v = -2 + 67. Let c be (v/2)/(1/2). Let s(b) = -32*b + 1677. Let j be s(52). What is the highest common divisor of j and c?
13
Suppose 0*f - 4*z + 2424 = 4*f, 0 = 5*f - 4*z - 3021. Calculate the highest common divisor of 2057 and f.
121
Let y be 14 + -12 + 1*-2. Suppose -2*f + y*f = -12. Suppose -3*h - 15 = -3*l, -f*l = -4*l - 4*h. What is the highest common divisor of l and 5?
5
Let a = -2626 - -2730. What is the greatest common divisor of 116 and a?
4
Suppose 0 = 13*c - 18*c - 5*b + 705, -5*c + 713 = b. Calculate the highest common divisor of c and 936.
13
Let i(a) = -a + 8. Let w be i(-7). Let u be -7 + 0 - 3*(2730/(-9) - 4). What is the greatest common factor of u and w?
15
Let b = -119 - -174. Suppose -3*i = i + 2*j - 28, -4*i + 32 = 3*j. What is the highest common factor of b and i?
5
Suppose -j - 4*n + 376 = 0, -n - 430 = -4*j + 1023. Calculate the greatest common factor of 1232 and j.
28
Suppose 18*g - 32 = 10*g. Suppose 4*y + 16 = 4*x, 1 = -g*y - 3. Suppose 0 = -m - 4*o - 14, 0 = -m - x*o - 9. What is the highest common factor of 30 and m?
6
Let a = 7447 + -7417. Calculate the greatest common factor of a and 4695.
15
Suppose 98*a - 10 = 96*a. Suppose -4*s + a = 2*p - 1499, p = s - 382. Calculate the highest common factor of s and 54.
54
Let w be ((-23)/(-9) - 7)/((-31)/279). What is the highest common divisor of w and 10850?
10
Let x = -73 - -145. Suppose 0 = c + 3, 4*y - 59*c = 307 - 22. Calculate the highest common factor of x and y.
9
Suppose -676 = -17*w + 4*w. Suppose 2*g + 5*n = 42, 2*g + 4*n = -14 + w. Suppose 0 = -4*f + g*f - 1274. What is the highest common factor of f and 14?
14
Let z be (384/(-28))/(12/98*(-140)/80). Let b = 137 + -89. Calculate the greatest common divisor of z and b.
16
Suppose 0 = 4*x - 41 - 107. Let q(o) = -10*o**2 + 5*o - 5. Let v be q(2). Let z = v + x. Calculate the highest common factor of 4 and z.
2
Let y be 8120/1176 + 1/(21/2). What is the highest common divisor of 32 and y?
1
Let p(l) be the second derivative of -l**5/20 + l**4/6 + l**3/3 - l**2 - 2*l. Let v be p(2). Let z = 3 - v. What is the highest common factor of 11 and z?
1
Let y(z) = z**3 + 21*z**2 - 37*z - 130. Let w be y(-22). Calculate the highest common divisor of w and 1910.
10
Let a(j) = 3*j + 24. Let h be a(-7). Suppose -7 = -b + 3*x, b = 6*b + h*x - 17. Let k = 22 - b. What is the highest common divisor of 27 and k?
9
Suppose -48 = -3*c + 102. Let s be (35/10 - -1) + 20/(-8). Suppose -4*r - 4*g + 3 = -53, 8 = s*g. Calculate the highest common factor of c and r.
10
Let c = 10338 - 10327. Calculate the highest common divisor of 31 and c.
1
Let p be 7/(70/6080) + (1 - 6 - -5). What is the highest common factor of 950 and p?
38
Suppose -61*d = -1929 - 2124 - 5219. Calculate the highest common divisor of d and 228.
76
Let p be (-15)/2*(-8)/(-18)*(-12 - 6831). What is the highest common factor of 10 and p?
10
Let c be (1 - 85)*140/(-15). Suppose 32*g = -52*g - 449 + 4565. Calculate the highest common divisor of g and c.
49
Suppose -q = -5*j - 106, -4*q = 5*j - 149 - 125. What is the highest common divisor of 13604 and q?
76
Let z be -102*((-14)/(-35))/(4/(-5)). Let t = 77 - z. What is the highest common divisor of t and 156?
26
Suppose -4 = d - 2, -s - 5*d - 9 = 0. Let v be 212 + -1 + 5/s. Calculate the highest common divisor of 54 and v.
54
Let n = 429 + -159. Let f = n + -188. Calculate the highest common divisor of 410 and f.
82
Let y(d) = 2*d**2 + 17*d - 38. Let t be y(-12). What is the greatest common factor of 1679 and t?
23
Let x(q) = -q**2 - 91*q - 414. Let a be x(-51). Calculate the highest common factor of a and 4.
2
Let c be 47 - 42 - -1*13. Let u(v) = v**2 - 3*v + 8. Let a be 5*((-4)/(-1) + -3). Let b be u(a). What is the highest common factor of b and c?
18
Suppose 23471 = 94*o - 294343. What is the greatest common divisor of o and 138?
69
Suppose 21 = 6*o + 483. Let d = -67 - o. Suppose -d*z = -6*z - 260. What is the highest common factor of z and 39?
13
Suppose 30*u - 31*u = -3. Suppose 4*j = g + 993, u*j - g = -0*g + 745. What is the highest common factor of 8 and j?
8
Suppose -188 = -6*y + 2*y. Suppose 0 = -2*h + 4, 218 = 5*b + 2*h + 2*h. Suppose 1128 = -30*l + b*l. Calculate the highest common factor of l and y.